{"id":1589,"date":"2023-03-21T19:39:45","date_gmt":"2023-03-21T19:39:45","guid":{"rendered":"http:\/\/localhost:8888\/brc\/?post_type=product&#038;p=1589"},"modified":"2023-03-21T19:41:02","modified_gmt":"2023-03-21T19:41:02","slug":"ron-yacare-anejo","status":"publish","type":"product","link":"https:\/\/bodegarondelcaribe.com\/?product=ron-yacare-anejo","title":{"rendered":"Ron Yacar\u00e9 A\u00f1ejo"},"content":{"rendered":"","protected":false},"excerpt":{"rendered":"<p><b>Producto: Ron Yacar\u00e9 A\u00f1ejo<\/b><\/p>\n<p><b>Marca: <\/b><span style=\"font-weight: 400;\">Ron Yacar\u00e9<\/span><\/p>\n<p><b>Productor<\/b><span style=\"font-weight: 400;\">: Teichenn\u00e9 S.A<\/span><\/p>\n<p><b>Grado Alcoh\u00f3lico: <\/b><span style=\"font-weight: 400;\">37,5 % alc\/vol<\/span><b>\u00a0<\/b><\/p>\n<p><b>Capacidad:<\/b><span style=\"font-weight: 400;\"> 700 ml<\/span><\/p>\n<p><b>Pa\u00eds de Origen:<\/b><span style=\"font-weight: 400;\"> Espa\u00f1a<\/span><\/p>\n","protected":false},"featured_media":1590,"template":"","meta":[],"product_brand":[],"product_cat":[65],"product_tag":[],"pais":[292],"class_list":{"0":"post-1589","1":"product","2":"type-product","3":"status-publish","4":"has-post-thumbnail","6":"product_cat-espana-es","7":"pais-espana","9":"first","10":"instock","11":"shipping-taxable","12":"product-type-simple"},"_links":{"self":[{"href":"https:\/\/bodegarondelcaribe.com\/index.php?rest_route=\/wp\/v2\/product\/1589","targetHints":{"allow":["GET"]}}],"collection":[{"href":"https:\/\/bodegarondelcaribe.com\/index.php?rest_route=\/wp\/v2\/product"}],"about":[{"href":"https:\/\/bodegarondelcaribe.com\/index.php?rest_route=\/wp\/v2\/types\/product"}],"wp:featuredmedia":[{"embeddable":true,"href":"https:\/\/bodegarondelcaribe.com\/index.php?rest_route=\/wp\/v2\/media\/1590"}],"wp:attachment":[{"href":"https:\/\/bodegarondelcaribe.com\/index.php?rest_route=%2Fwp%2Fv2%2Fmedia&parent=1589"}],"wp:term":[{"taxonomy":"product_brand","embeddable":true,"href":"https:\/\/bodegarondelcaribe.com\/index.php?rest_route=%2Fwp%2Fv2%2Fproduct_brand&post=1589"},{"taxonomy":"product_cat","embeddable":true,"href":"https:\/\/bodegarondelcaribe.com\/index.php?rest_route=%2Fwp%2Fv2%2Fproduct_cat&post=1589"},{"taxonomy":"product_tag","embeddable":true,"href":"https:\/\/bodegarondelcaribe.com\/index.php?rest_route=%2Fwp%2Fv2%2Fproduct_tag&post=1589"},{"taxonomy":"pais","embeddable":true,"href":"https:\/\/bodegarondelcaribe.com\/index.php?rest_route=%2Fwp%2Fv2%2Fpais&post=1589"}],"curies":[{"name":"wp","href":"https:\/\/api.w.org\/{rel}","templated":true}]}}