{"id":934,"date":"2023-02-09T14:19:12","date_gmt":"2023-02-09T14:19:12","guid":{"rendered":"http:\/\/localhost:8888\/brc\/?post_type=product&#038;p=934"},"modified":"2023-02-09T14:19:12","modified_gmt":"2023-02-09T14:19:12","slug":"ron-botran-anejo-anejo-sistema-solera-12-2","status":"publish","type":"product","link":"https:\/\/bodegarondelcaribe.com\/?product=ron-botran-anejo-anejo-sistema-solera-12-2&lang=en","title":{"rendered":"Ron Botran A\u00f1ejo &#8211; A\u00f1ejo Sistema Solera 12"},"content":{"rendered":"","protected":false},"excerpt":{"rendered":"<p><b>Product: Ron Botran A\u00f1ejo &#8211; A\u00f1ejo Sistema Solera 12<\/b><\/p>\n<p><b>Brand: <\/b><span style=\"font-weight: 400;\">Ron Botran<\/span><\/p>\n<p><b>Manufacturer:<\/b><span style=\"font-weight: 400;\"> Industria Licorera Quezalteca S.A.\u00a0<\/span><\/p>\n<p><b>ABV:<\/b><span style=\"font-weight: 400;\"> 40 % (80 Proof)<\/span><\/p>\n<p><b>Net Content: <\/b><span style=\"font-weight: 400;\">750 ml<\/span><\/p>\n<p><b>Country of Origin:<\/b><span style=\"font-weight: 400;\"> Guatemala\u00a0<\/span><\/p>\n<p><b>Website:<\/b><span style=\"font-weight: 400;\">\u00a0 <\/span><a href=\"http:\/\/www.botranrums.com\/\"><span style=\"font-weight: 400;\">www.botranrums.com<\/span><\/a><\/p>\n","protected":false},"featured_media":933,"template":"","meta":[],"product_brand":[],"product_cat":[191],"product_tag":[],"pais":[296],"class_list":{"0":"post-934","1":"product","2":"type-product","3":"status-publish","4":"has-post-thumbnail","6":"product_cat-guatemala-en","7":"pais-guatemala","9":"first","10":"instock","11":"shipping-taxable","12":"product-type-simple"},"_links":{"self":[{"href":"https:\/\/bodegarondelcaribe.com\/index.php?rest_route=\/wp\/v2\/product\/934","targetHints":{"allow":["GET"]}}],"collection":[{"href":"https:\/\/bodegarondelcaribe.com\/index.php?rest_route=\/wp\/v2\/product"}],"about":[{"href":"https:\/\/bodegarondelcaribe.com\/index.php?rest_route=\/wp\/v2\/types\/product"}],"wp:featuredmedia":[{"embeddable":true,"href":"https:\/\/bodegarondelcaribe.com\/index.php?rest_route=\/wp\/v2\/media\/933"}],"wp:attachment":[{"href":"https:\/\/bodegarondelcaribe.com\/index.php?rest_route=%2Fwp%2Fv2%2Fmedia&parent=934"}],"wp:term":[{"taxonomy":"product_brand","embeddable":true,"href":"https:\/\/bodegarondelcaribe.com\/index.php?rest_route=%2Fwp%2Fv2%2Fproduct_brand&post=934"},{"taxonomy":"product_cat","embeddable":true,"href":"https:\/\/bodegarondelcaribe.com\/index.php?rest_route=%2Fwp%2Fv2%2Fproduct_cat&post=934"},{"taxonomy":"product_tag","embeddable":true,"href":"https:\/\/bodegarondelcaribe.com\/index.php?rest_route=%2Fwp%2Fv2%2Fproduct_tag&post=934"},{"taxonomy":"pais","embeddable":true,"href":"https:\/\/bodegarondelcaribe.com\/index.php?rest_route=%2Fwp%2Fv2%2Fpais&post=934"}],"curies":[{"name":"wp","href":"https:\/\/api.w.org\/{rel}","templated":true}]}}